18 + -118.
8
Evaluate -3 - (0 + -1 - (-1 + 6)).
3
Evaluate 3 + -1 + -2 + -1 - -4.
3
Calculate -3 + 1 - (29 - 26).
-5
(11 + -4 - 6 - 1) + 5
5
Calculate -7 + (3 - 2 - -1) + 7.
2
What is the value of 7 + -9 + -10 - (-2 + -1)?
-9
Evaluate -4 + (3 - -6) - 5 - 0.
0
Evaluate (-5 - -3) + 1 + 0.
-1
What is -6 + -1 + (3 - 4 - -5)?
-3
What is the value of 2 - (-5 + (-2 - -5) - 2)?
6
(-1 - (7 - -1)) + 7
-2
-40 + 49 - (9 - -2)
-2
4 + (-8 - 2 - -6)
0
What is the value of 9 - (1 - (1 + -7))?
2
Evaluate -5 - 1 - (-52 - -49).
-3
What is the value of -4 + 1 + 1 + (1 - -1)?
0
Evaluate -3 - (-1 + 5 + 20 + -23).
-4
Evaluate (-6 - -15) + -2 - 7.
0
What is (-4 + -2 - (12 - 12)) + 11?
5
What is 1 - (-20 + 17 + -1 + 6)?
-1
What is -3 + -4 - (1 + -3)?
-5
Evaluate 2 - (1 + 2) - (1 - 1).
-1
(4 - (1 - -3)) + 3
3
Evaluate (-316 - -323) + -1 + 2.
8
What is the value of (-1 - 3) + (-2 - -1 - -2)?
-3
Evaluate 2 - (4 + 2 + -1 + -1).
-2
1 + (-2 - 4) + 2 - -3
0
What is the value of -11 + (28 - (-6 + 17))?
6
-2 + -1 + -1 + -1
-5
What is (-2 + 6 - 10) + -2 - -4?
-4
Evaluate (5 - (-4 + -5 + 3)) + -5.
6
What is 0 - 0 - (1 + -5 + 5)?
-1
Evaluate 5 + (-15 - -9) + 9.
8
What is the value of 5 - (-4 - -3 - -3)?
3
What is the value of 2 + -4 + -5 + 5 + -3?
-5
-34 + 26 - (0 - 4)
-4
Evaluate 1 + 1 - (3 + -3 + 0).
2
-3 + 16 + -8 - 4
1
Calculate 0 - 8 - (-7 - -5 - 1).
-5
What is the value of (-3 - -2 - -4) + 6 + -4?
5
Calculate (0 - 4) + 3 - (-7 - -9).
-3
What is 0 - 4 - (-14 - (9 - 20))?
-1
Evaluate 6 - 5 - (-5 + 1).
5
(-1 + 6 - -6) + -5
6
Evaluate 7 - (1 + 1 + 1 + 0).
4
What is -6 - 0 - (3 + -7)?
-2
Evaluate 4 - 5 - -4 - -2.
5
What is the value of -2 + 3 - (4 + -2) - 1?
-2
Calculate -8 + -1 + 15 + -3.
3
Evaluate 7 + -2 - (-15 - -18).
2
Evaluate 4 - (13 + -13) - (-1 + 5).
0
Calculate -3 + (9 - (7 - 11)).
10
Calculate 4 + (8 - 6) + -9 + 2.
-1
What is the value of 6 + -6 + 9 + -7?
2
What is (6 + -9 + 5 - -2) + -5?
-1
1 + (-4 - (-9 - -2))
4
Calculate -5 - -4 - 4 - -8 - 0.
3
What is the value of -273 + 256 + (12 - 0)?
-5
Calculate 0 + (4 - (2 + (-5 - -4))).
3
What is -14 + 12 + 0 + (0 - -2)?
0
Calculate (-2 - (10 - 21)) + -3.
6
What is the value of -1 + (-6 - -14) + -3?
4
Evaluate 8 + (-2 - 5) + 0 + 3.
4
Evaluate 1 + 1 - (-2 - 1).
5
What is (-1 - -6) + 7 + (-3 - 4)?
5
Calculate 4 - -1 - (65 - 66).
6
(4 - 2) + -3 + -3 + -1
-5
-3 + (0 - -1) + -7 + 10
1
Evaluate -13 + (3 - 3 - -7).
-6
-1 + -5 - (-1 - 3)
-2
Calculate 7 + (-3 - 7) - -6.
3
Calculate (-32 - -35) + (4 - 1).
6
Evaluate 1 + -7 + -24 + 22 + 4.
-4
Evaluate 3 + (-1 - -5 - 3).
4
Evaluate 0 + (2 - 4) + (-172 - -165).
-9
What is -1 + 1 - (0 - (-4 + 1))?
-3
What is 0 - 15 - (-12 - (14 - 19))?
-8
Evaluate -9 - 0 - (-5 + 0).
-4
1 - (-1 + 2 + (6 - 6))
0
Evaluate 2 - 2 - (-6 - (-8 + -3)).
-5
What is -5 + (5 + -4 + 1 - 3)?
-6
What is the value of (-2 + -4 - -1) + 4?
-1
What is the value of (-6 - 17) + (4 - -9)?
-10
-2 - (-4 + -8 - (-4 + -1))
5
Calculate -9 - (-2 + 2) - -6 - -6.
3
What is the value of 4 - (-1 - 7 - -10)?
2
Evaluate 20 + -16 - (2 + 0).
2
What is -1 + (-2 - 6 - -13)?
4
Calculate -2 - (5 - 7) - 0.
0
Evaluate 9 + 2 + -10 - 5.
-4
Evaluate -6 + 0 + (-2 + 1 - -2).
-5
Calculate (-25 - -24) + (4 - 0) - 3.
0
Evaluate 0 - 0 - (-2 + -1).
3
What is (6 - (-1 + 10)) + 2?
-1
What is 3 - ((3 - -4) + (3 - 2))?
-5
What is the value of -4 + (4 - ((2 - 4) + 1))?
1
Calculate -389 + 396 + (0 - (0 + 0)).
7
Evaluate 1 + -5 + (7 - -1) + -4.
0
What is 3 + -9 - -3 - 0?
-3
Calculate (-3 - 10) + 8 + 1.
-4
Evaluate -9 + (-7 - 0 - -7) + 4.
-5
Calculate (-9 + 5 - 1 - 1) + 10.
4
Calculate -1 + 4 - 0 - (-2 + 3).
2
What is 8 + (0 - 4) + -5?
-1
Calculate 1 + -2 + -5 - 0.
-6
What is -2 + (4 - 5) + 0?
-3
Calculate 1 + (-1 - -9) - 6.
3
Calculate 7 + -10 + 1 + 12.
10
5 - (-11 + 20 - 6)
2
-14 + 17 + (-14 - 0) + 3
-8
Evaluate -4 - (0 - 7 - 2).
5
1 + 0 + (12 - 14)
-1
Calculate 30 + -30 - (-2 + -1 + -2).
5
Calculate -1 - 0 - (-9 + 6 + 4).
-2
What is 0 + -2 + -1 - (-116 - -120)?
-7
Evaluate -156 - -151 - (-1 + 2).
-6
What is the value of -4 - 1 - (14 + -15 + 4)?
-8
What is -10 - (9 - 10 - 7)?
-2
Calculate 8 - (6 + (5 - 9)).
6
Calculate -4 + -5 - -4 - -9.
4
What is the value of -5 + (-6 - -19) - 6?
2
What is -55 + 58 - (-9 - -1)?
11
What is 5 + 1 + (-1 - 0 - 4)?
1
What is 9 - (-2 + (18 - 4))?
-3
Calculate 5 + (-8 + -1 - (2 + -8)).
2
What is 3 + 0 + 0 - (3 - 1)?
1
-1 - (8 - 2 - 3) - -1
-3
What is the value of -2 - (4 - -2 - 3)?
-5
Calculate 4 + (-3 - -9 - 5).
5
What is the value of (2 - (-8 + 1)) + -4?
5
What is 10 + 1 + -2 + 0 + -4?
5
Evaluate 2 + -7 + -14 + 7 + 10.
-2
-2 + (-1 - -1 - -4)
2
1 - (3 + (-1 - 0 - -4))
-5
Calculate (0 - 8) + -3 + 12.
1
What is the value of 3 - (-2 + (-5 - -6))?
4
What is the value of 5 - (-1 + -1) - (-18 + 29)?
-4
Evaluate (-3 - -6) + 21 + -28.
-4
What is (7 - 0) + 7 + -11?
3
What is 5 - (-6 + 7) - 5?
-1
What is -6 - (-6 + 2 + -1) - -5?
4
Evaluate (7 - 1) + 12 + -22.
-4
What is 3 - (3 + 0 - 4)?
4
Calculate -6 + 5 + -1 + -3.
-5
What is 0 - (-2 - (1 + -4 - -6))?
5
2 - (-2 + (8 - (-6 - -2)))
-8
What is the value of -4 - -1 - (-6 + 6)?
-3
Calculate (3 - (1 - -5 - 4)) + 3.
4
Calculate 16 - 29 - (2 + -12).
-3
What is 3 - 2 - (11 - 10)?
0
-21 + -5 + 13 - -12
-1
Evaluate 1 + -1 + (0 - 0) + -4.
-4
-3 - (4 - 3 - (6 + -6))
-4
What is the value of -4 - (-5 + -3) - (1 - -1)?
2
What is (-6 - -4) + (-2 - (0 - 6))?
2
What is the value of 10 + (-21 - -2) + 17?
8
What is (4 - 17) + (6 - -2)?
-5
Evaluate -2 + -1 - (-18 - -12).
3
What is (221 - 213) + (0 - (5 - 0))?
3
(-2 - 5) + 0 - -6 - 0
-1
-7 - (7 - 6) - -4
-4
What is the value of (4 + -1 - (-12 + 15)) + 0?
0
Evaluate (1 - 2) + -1 - 1 - -3.
0
(0 - 2) + (2 + -1 - 2)
-3
Evaluate 5 - (1 + 10) - (0 - 2).
-4
What is the value of 4 + -1 - (3 - (-1 + 1))?
0
Evaluate 0 + (-6 - -7) - 5.
-4
What is the value of (-6 - -16) + -4 - 6?
0
Calculate (1 - (-4 - -1)) + -4 - 0.
0
0 - (1 + 3 + -4) - 7
-7
Calculate (-8 - -4 - -10) + -4.
2
-12 + (-4 - -6) - (1 - 5)
-6
(-3 - (6 + -11 - -4)) + 5
3
Evaluate 1 + 4 + (-14 - -4) + 3.
-2
Evaluate 1 + -8 + (-3 - -5) - -5.
0
What is -4 + (-6 - -14) - (-1 + 3)?
2
(15 - 24) + 6 + -1
-4
What is (-2 - -2) + (-7 - -2)?
-5
(-99 - -103) + (-3 + 2 - 0)
3
What is (-3 - (0 - 6) - -9) + -4?
8
Evaluate (13 - (2 + 4) - 5) + -4.
-2
What is -1 + 0 - 11 - (-105 + 99)?
-6
(49 - 54) + 1 + 2
-2
Evaluate (4 - 5) + (1 - 4 - -4).
0
Evaluate -9 + 4 + 3 + -3.
-5
-5 + 3 + 1 + -1
-2
0 + 3 + -3 - (-6 + 5)
1
3 + (3 - 4) + 1
3
Evaluate 5 - (-1 - ((6 - 14) + 5)).
3
What is the value of -4 + (5 - -6) + -4?
3
0 - -2 - (-6 + 5 + 1)
2
Evaluate (-1 - -5 - 1) + -8.
-5
What is -5 + (0 - (-6 - 1))?
2
What is the value of -1 - ((6 - 5) + -6)?
4
Calculate (-11 - -4) + (7 - (2 + -3)).
1
-1 + -3 + 4 + (3 - 6)
-3
Evaluate 2 + (23 - 12) - 16.
-3
What is the value of 6 + -3 + -1 + -6?
-4
Calculate 13 + 13 + -11 + -4.
11
Calculate -5 - (-4 + -6 - -8).
-3
Evaluate -1 + -7 + 10 + (-4 - -2).
0
Calculate -5 + (-5 - -4) + 1 + 2.
-3
What is the value of -5 - (-1 + -2) - -2 - 5?
-5
0 + -3 - (-2 + 1 + -4)
2
What is 10 - 7 - (-1 + 1)?
3
Calculate 55 - 51 - (-1 + 3).
2
What is the value of -2 + -11 + -1 + 5 + 5?
-4
What is -4 - (-2 - (-3 + 5))?
0
What is 8 - 5 - -2 - 1?
4
What is the value of -8 + 0 + (32 - 18)?
6
What is the value of -4 + 5 + -10 - -6 - -1?
-2
Evaluate -4 + 5 + -2 + (3 - -1).
3
3 - ((6 - 2) + 3)
-4
Evaluate -28 + 27 - (-1 - (5 + 0)).
5
What is the value of -6 + 2 - (0 - (-3 - -6))?
-1
Calculate -8 + 6 + -1 + 2 + -4.
-5
What is the value of (-4 - 1) + 6 + (-8 - -1)?
-6
What is the value of 4 + -2 + -4 + (1 - -2)?
1
Evaluate 5 - (-2 - (-2 - -1)) - 1.
5
Evaluate -5 + 1 + (1 - (-6 - -1)).
2
What is -8 - (-2 + -8 + 3)?
-1
Calculate (1 - (-1 - 1 - 1)) + -4.
0
Calculate 2 + (6 - 2) + -1.
5
What is (12 - 4 - 1) + -4?
3
What is the value of -6 - 1 - (8 - (30 + -8))?
7
Evaluate 1 + 0 - 0 - (-1 + 1).
1
What is (-3 + -2 + 1 - -6) + -1?
1
Calculate -3 - -7 - (6 - 4 - -5).
-3
Calculate 1 + -1 + (8 + -9 - -2).
1
Evaluate 2 + -3 + (-3 - -4) + 5.
5
What is -3 + (-4 + 10 - 0)?
3
Calculate -9 + (-1 - -2) + 2.
-6
Calculate -7 + (2 - 0) + (-2 - -3).
-4
Calculate 5 + (-5 - (4 - 5)) - -1.
2
Evaluate 1 - 6 - (-62 - -60).
-3
What is (-1 - (2 - 1)) + 5 + -1?
2
Calculate -6 + 9 + -6 + (0 - -10).
7
What is the value of -6 + (10 + -18 - (-5 - 2))?
-7
Evaluate 